{"id":3971,"date":"2024-01-03T12:35:41","date_gmt":"2024-01-03T12:35:41","guid":{"rendered":"https:\/\/agotzaina.com\/?page_id=3971"},"modified":"2026-03-06T11:00:59","modified_gmt":"2026-03-06T10:00:59","slug":"sostenibilidad-2","status":"publish","type":"page","link":"https:\/\/agotzaina.com\/?page_id=3971","title":{"rendered":"Sostenibilidad"},"content":{"rendered":"<p>[vc_row us_bg_image_source=\u00bbmedia\u00bb us_bg_image=\u00bb4413&#8243; us_bg_repeat=\u00bbno-repeat\u00bb columns=\u00bb1&#8243; height=\u00bblarge\u00bb][vc_column width=\u00bb1\/1&#8243;][vc_column_text css=\u00bb%7B%22default%22%3A%7B%22color%22%3A%22%23F29100%22%2C%22font-size%22%3A%2210rem%22%2C%22line-height%22%3A%221%22%2C%22font-family%22%3A%22Subtitol%22%7D%2C%22laptops%22%3A%7B%22color%22%3A%22%23F29100%22%2C%22font-size%22%3A%2210rem%22%2C%22line-height%22%3A%221%22%2C%22font-family%22%3A%22Subtitol%22%7D%2C%22tablets%22%3A%7B%22color%22%3A%22%23F29100%22%2C%22font-size%22%3A%2210rem%22%2C%22line-height%22%3A%221%22%2C%22font-family%22%3A%22Subtitol%22%7D%2C%22mobiles%22%3A%7B%22color%22%3A%22%23F29100%22%2C%22font-size%22%3A%225rem%22%2C%22line-height%22%3A%221%22%2C%22font-family%22%3A%22Subtitol%22%7D%7D\u00bb el_class=\u00bbtitol\u00bb]<\/p>\n<p style=\"text-align: center;\">Sostenibilidad<\/p>\n<p>[\/vc_column_text][\/vc_column][\/vc_row][vc_row width=\u00bbfull\u00bb height=\u00bbsmall\u00bb content_placement=\u00bbmiddle\u00bb columns=\u00bb1-2-1&#8243;][vc_column width=\u00bb1\/4&#8243;][\/vc_column][vc_column width=\u00bb1\/2&#8243;][us_separator hide_on_states=\u00bbmobiles\u00bb][vc_column_text css=\u00bb%7B%22default%22%3A%7B%22color%22%3A%22%23333333%22%2C%22font-weight%22%3A%22400%22%7D%2C%22mobiles%22%3A%7B%22padding-left%22%3A%2220px%22%2C%22padding-right%22%3A%2220px%22%7D%7D\u00bb]<\/p>\n<p style=\"text-align: center;\"><strong>En Agotzaina nos preocupa el<\/strong> <strong>Medio ambiente<\/strong>, es por ello que colaboramos<br \/>\ncon programas de diversas organizaciones para reciclar nuestros residuos.<\/p>\n<p style=\"text-align: center;\">Nuestro departamento de<strong> calidad<\/strong> y<strong> I+D+i<\/strong> trabaja d\u00eda a d\u00eda para minimizar el impacto medioambiental de nuestras f\u00e1bricas. Invertimos en la investigaci\u00f3n para la <strong>re-utilizaci\u00f3n de los deshechos<\/strong> derivados de nuestra producci\u00f3n.<\/p>\n<p style=\"text-align: center;\">Nuestro reto es producir de manera responsable para respetar y cuidar el entorno que nos rodea.<\/p>\n<p>[\/vc_column_text][\/vc_column][vc_column width=\u00bb1\/4&#8243;][\/vc_column][\/vc_row][vc_row width=\u00bbcustom\u00bb width_custom=\u00bb1640px\u00bb content_placement=\u00bbmiddle\u00bb columns=\u00bb1&#8243; height=\u00bbauto\u00bb][vc_column width=\u00bb1\/1&#8243;][vc_row_inner columns_type=\u00bb1&#8243; columns=\u00bb1&#8243; css=\u00bb%7B%22default%22%3A%7B%22animation-name%22%3A%22afc%22%2C%22animation-delay%22%3A%220.4s%22%7D%7D\u00bb columns_gap=\u00bb0rem\u00bb][vc_column_inner width=\u00bb1\/1&#8243;][us_grid post_type=\u00bbsostenibilidad\u00bb order_invert=\u00bb1&#8243; items_quantity=\u00bb3&#8243; items_layout=\u00bb2227&#8243; columns=\u00bb3&#8243; items_gap=\u00bb1rem\u00bb css=\u00bb%7B%22default%22%3A%7B%22animation-name%22%3A%22afc%22%2C%22animation-delay%22%3A%220.3s%22%7D%7D\u00bb items_ratio_width=\u00bb21&#8243; items_ratio_height=\u00bb9&#8243; breakpoint_1_cols=\u00bb3&#8243; breakpoint_2_cols=\u00bb2&#8243; breakpoint_3_cols=\u00bb1&#8243; type=\u00bbmasonry\u00bb][\/vc_column_inner][\/vc_row_inner][\/vc_column][\/vc_row][vc_row width=\u00bbfull\u00bb height=\u00bbauto\u00bb columns_gap=\u00bb0rem\u00bb el_id=\u00bbenergia\u00bb columns=\u00bb2&#8243;][vc_column link=\u00bb%7B%22url%22%3A%22%22%7D\u00bb css=\u00bb%7B%22default%22%3A%7B%22background-color%22%3A%22%23F29100%22%2C%22padding-left%22%3A%2215px%22%2C%22padding-right%22%3A%2215px%22%7D%7D\u00bb el_id=\u00bbenergia2&#8243; width=\u00bb1\/2&#8243;][vc_row_inner css=\u00bb%7B%22default%22%3A%7B%22padding-left%22%3A%2250px%22%2C%22padding-top%22%3A%2250px%22%2C%22padding-bottom%22%3A%2250px%22%2C%22padding-right%22%3A%2250px%22%7D%2C%22laptops%22%3A%7B%22padding-left%22%3A%2250px%22%2C%22padding-top%22%3A%2250px%22%2C%22padding-bottom%22%3A%2250px%22%2C%22padding-right%22%3A%2250px%22%7D%2C%22tablets%22%3A%7B%22padding-left%22%3A%2250px%22%2C%22padding-top%22%3A%2250px%22%2C%22padding-bottom%22%3A%2250px%22%2C%22padding-right%22%3A%2250px%22%7D%2C%22mobiles%22%3A%7B%22padding-left%22%3A%2210px%22%2C%22padding-top%22%3A%2210px%22%2C%22padding-bottom%22%3A%2210px%22%2C%22padding-right%22%3A%2210px%22%7D%7D\u00bb columns=\u00bb1&#8243;][vc_column_inner width=\u00bb1\/1&#8243;][vc_column_text css=\u00bb%7B%22default%22%3A%7B%22color%22%3A%22%23ffffff%22%2C%22font-family%22%3A%22h4%22%2C%22font-weight%22%3A%22300%22%7D%7D\u00bb]<\/p>\n<h4><strong>ENERGIA SOSTENIBLE Y RENOVABLE<\/strong><\/h4>\n<p>[\/vc_column_text][us_separator size=\u00bbcustom\u00bb height=\u00bb2rem\u00bb show_line=\u00bb1&#8243; thick=\u00bb3&#8243; el_class=\u00bbblanc\u00bb][vc_column_text css=\u00bb%7B%22default%22%3A%7B%22color%22%3A%22%23ffffff%22%2C%22font-weight%22%3A%22400%22%7D%7D\u00bb]<\/p>\n<p>Invertimos en <strong>energ\u00eda renovable<\/strong> y sistemas de calefacci\u00f3n ecol\u00f3gicos en nuestras unidades productivas,<br \/>instalando <strong>placas solares<\/strong> y reemplazando los sistemas de calefacci\u00f3n por<strong> biomasa<\/strong>.<\/p>\n<p>El uso de placas solares contribuye a la reducci\u00f3n de emisiones de gases de efecto invernadero al generar electricidad sin producir contaminantes atmosf\u00e9ricos, es una <strong>tecnolog\u00eda<\/strong> clave en la transici\u00f3n hacia fuentes de energ\u00eda m\u00e1s limpias y<strong> sostenibles<\/strong>.<\/p>\n<p>Por otro lado, la calefacci\u00f3n con <strong>biomasa<\/strong> es un m\u00e9todo respetuoso con el medio ambiente que utiliza materiales <strong>biol\u00f3gicos<\/strong> o<strong> residuos org\u00e1nicos<\/strong>, como madera, pellets, residuos agr\u00edcolas\u2026por lo que la hace la opci\u00f3n m\u00e1s ecol\u00f3gica.<\/p>\n<p>[\/vc_column_text][\/vc_column_inner][\/vc_row_inner][\/vc_column][vc_column link=\u00bb%7B%22url%22%3A%22%22%7D\u00bb css=\u00bb%7B%22default%22%3A%7B%22background-image%22%3A%223078%22%2C%22background-size%22%3A%22cover%22%2C%22background-repeat%22%3A%22no-repeat%22%7D%2C%22mobiles%22%3A%7B%22height%22%3A%2220vh%22%7D%7D\u00bb width=\u00bb1\/2&#8243;][us_separator hide_on_states=\u00bbmobiles\u00bb][\/vc_column][\/vc_row][vc_row width=\u00bbfull\u00bb height=\u00bbauto\u00bb columns_gap=\u00bb0rem\u00bb columns_reverse=\u00bb1&#8243; css=\u00bb%7B%22default%22%3A%7B%22background-color%22%3A%22%23F9F9F9%22%7D%7D\u00bb el_id=\u00bblife\u00bb columns=\u00bb2&#8243;][vc_column link=\u00bb%7B%22url%22%3A%22%22%7D\u00bb width=\u00bb1\/2&#8243;][us_separator size=\u00bblarge\u00bb][us_image image=\u00bb4477&#8243; align=\u00bbcenter\u00bb size=\u00bbus_800_400&#8243; link=\u00bb%7B%22url%22%3A%22%22%7D\u00bb][us_separator size=\u00bblarge\u00bb hide_on_states=\u00bbtablets,mobiles\u00bb][\/vc_column][vc_column link=\u00bb%7B%22url%22%3A%22%22%7D\u00bb css=\u00bb%7B%22mobiles%22%3A%7B%22padding-left%22%3A%2220px%22%2C%22padding-top%22%3A%2220px%22%2C%22padding-bottom%22%3A%2220px%22%2C%22padding-right%22%3A%2220px%22%7D%7D\u00bb el_class=\u00bbproyecto\u00bb width=\u00bb1\/2&#8243;][vc_row_inner css=\u00bb%7B%22default%22%3A%7B%22padding-left%22%3A%2250px%22%2C%22padding-top%22%3A%2250px%22%2C%22padding-bottom%22%3A%2250px%22%2C%22padding-right%22%3A%2250px%22%7D%2C%22laptops%22%3A%7B%22padding-left%22%3A%2250px%22%2C%22padding-top%22%3A%2250px%22%2C%22padding-bottom%22%3A%2250px%22%2C%22padding-right%22%3A%2250px%22%7D%2C%22tablets%22%3A%7B%22padding-left%22%3A%2250px%22%2C%22padding-top%22%3A%2250px%22%2C%22padding-bottom%22%3A%2250px%22%2C%22padding-right%22%3A%2250px%22%7D%2C%22mobiles%22%3A%7B%22padding-left%22%3A%2210px%22%2C%22padding-top%22%3A%2210px%22%2C%22padding-bottom%22%3A%2210px%22%2C%22padding-right%22%3A%2210px%22%7D%7D\u00bb columns=\u00bb1&#8243;][vc_column_inner width=\u00bb1\/1&#8243;][vc_column_text css=\u00bb%7B%22default%22%3A%7B%22color%22%3A%22%23F29100%22%2C%22font-family%22%3A%22h4%22%2C%22font-weight%22%3A%22300%22%7D%7D\u00bb]<\/p>\n<h4><strong>PROYECTO LIFE<\/strong><\/h4>\n<p>[\/vc_column_text][us_separator size=\u00bbcustom\u00bb height=\u00bb2rem\u00bb show_line=\u00bb1&#8243; thick=\u00bb3&#8243; color=\u00bbsecondary\u00bb el_class=\u00bbtaronja\u00bb][vc_column_text css=\u00bb%7B%22default%22%3A%7B%22color%22%3A%22%231a1a1a%22%2C%22font-weight%22%3A%22400%22%7D%7D\u00bb]En Agotzaina apostamos por <strong>la econom\u00eda circular y la sostenibilidad<\/strong> en la elaboraci\u00f3n de nuestros productos.<\/p>\n<p>Con este objetivo colaboramos en el <strong>proyecto Life<\/strong>, que busca demostrar la viabilidad t\u00e9cnica para <strong>procesar las c\u00e1scaras de huevos<\/strong> y aprovecharlas \u00a0para la fabricaci\u00f3n de cer\u00e1mica, ya que en Espa\u00f1a se producen unas 16.000 toneladas al a\u00f1o de c\u00e1scaras de huevo.<\/p>\n<p>De hacerse efectivo supondr\u00eda una importante <strong>reducci\u00f3n de desechos en la producci\u00f3n.<\/strong>[\/vc_column_text][\/vc_column_inner][\/vc_row_inner][\/vc_column][\/vc_row][vc_row width=\u00bbfull\u00bb height=\u00bbauto\u00bb columns_gap=\u00bb0rem\u00bb css=\u00bb%7B%22default%22%3A%7B%22background-color%22%3A%22%23ffffff%22%7D%7D\u00bb el_id=\u00bbproductos\u00bb columns=\u00bb2&#8243;][vc_column link=\u00bb%7B%22url%22%3A%22%22%7D\u00bb css=\u00bb%7B%22default%22%3A%7B%22background-color%22%3A%22%23F29100%22%7D%7D\u00bb width=\u00bb1\/2&#8243;][vc_row_inner css=\u00bb%7B%22default%22%3A%7B%22padding-left%22%3A%2220px%22%2C%22padding-top%22%3A%2220px%22%2C%22padding-bottom%22%3A%2220px%22%2C%22padding-right%22%3A%2220px%22%7D%2C%22laptops%22%3A%7B%22padding-left%22%3A%2250px%22%2C%22padding-top%22%3A%2250px%22%2C%22padding-bottom%22%3A%2250px%22%2C%22padding-right%22%3A%2250px%22%7D%2C%22tablets%22%3A%7B%22padding-left%22%3A%2210px%22%2C%22padding-top%22%3A%2210px%22%2C%22padding-bottom%22%3A%2210px%22%2C%22padding-right%22%3A%2210px%22%7D%2C%22mobiles%22%3A%7B%22padding-left%22%3A%220px%22%2C%22padding-top%22%3A%220px%22%2C%22padding-bottom%22%3A%220px%22%2C%22padding-right%22%3A%220px%22%7D%7D\u00bb columns=\u00bb1&#8243;][vc_column_inner width=\u00bb1\/1&#8243;][vc_column_text css=\u00bb%7B%22default%22%3A%7B%22color%22%3A%22%23ffffff%22%2C%22font-family%22%3A%22h4%22%2C%22font-weight%22%3A%22300%22%7D%7D\u00bb]<\/p>\n<h4><strong>NUEVOS PRODUCTOS<\/strong><\/h4>\n<p>[\/vc_column_text][us_separator size=\u00bbcustom\u00bb height=\u00bb2rem\u00bb show_line=\u00bb1&#8243; thick=\u00bb3&#8243; el_class=\u00bbblanc\u00bb][vc_column_text css=\u00bb%7B%22default%22%3A%7B%22color%22%3A%22%23ffffff%22%2C%22font-weight%22%3A%22400%22%7D%7D\u00bb]<b>Nuestro I+D est\u00e1 en constante desarrollo<\/b> para crear nuevos productos hechos a base de huevo y de todas sus diferentes parteso:<\/p>\n<p><b>A. C\u00c1SCARA<\/b><span class=\"infografia\"><br \/>\nL\u00ednea de estudio I+D sobre la reutilzaci\u00f3n de la c\u00e1scara de huevo, para un uso final dentro de nuestras l\u00edneas de negocio y crear una econom\u00eda circular de este residuo.<\/span><\/p>\n<p><b>B.MEMBRANA<\/b><span class=\"infografia\"><br \/>\nUtilizaci\u00f3n de la membrana del huevo, en gelatinas, aportando a nuestro cuerpo una fuente natural de col\u00e1geno. Ideal para las articulaciones, inflamaci\u00f3n muscular, regeneraci\u00f3n de tejidos&#8230;<\/span><\/p>\n<p><b>C. YEMA<\/b><span class=\"infografia\"><br \/>\nLa yema de huevo como mascarilla capilar, indicada para regenerar el cabello da\u00f1ado.<\/span><\/p>\n<p><b>D. CLARA<\/b><span class=\"infografia\"><br \/>\nSnacks de clara de huevo y especies, un tentempi\u00e9 para toda la familia.<br \/>\nProductos cosm\u00e9ticos, cremas para la piel utilizando la clara de huevo, gracias a sus m\u00faltiples amino\u00e1cidos como (arginina, glicina, lisina, prolina&#8230;) estos ayudan a la regeneraci\u00f3n de los tejidos da\u00f1ados.<\/span><\/p>\n<p><b>HUEVO<\/b><span class=\"infografia\"><br \/>\nEmbutidos a base de huevo, ideal para los desayunos y meriendas, substituyendo a la carne, y aprovechando todos los nutrientes del huevo.<\/span>[\/vc_column_text][\/vc_column_inner][\/vc_row_inner][\/vc_column][vc_column width=\u00bb1\/2&#8243;][us_separator size=\u00bbcustom\u00bb height=\u00bb20vh\u00bb hide_on_states=\u00bbtablets,mobiles\u00bb][us_image image=\u00bb4482&#8243; align=\u00bbcenter\u00bb size=\u00bbus_800_400&#8243; link=\u00bb%7B%22url%22%3A%22%22%7D\u00bb el_class=\u00bbimatgeous\u00bb][\/vc_column][\/vc_row][vc_row width=\u00bbfull\u00bb height=\u00bbauto\u00bb columns_gap=\u00bb0rem\u00bb columns_reverse=\u00bb1&#8243; css=\u00bb%7B%22default%22%3A%7B%22background-color%22%3A%22%23F9F9F9%22%7D%7D\u00bb el_id=\u00bbtec\u00bb columns=\u00bb2&#8243;][vc_column css=\u00bb%7B%22default%22%3A%7B%22background-image%22%3A%224644%22%2C%22background-size%22%3A%22cover%22%2C%22background-repeat%22%3A%22no-repeat%22%2C%22height%22%3A%22%22%7D%2C%22laptops%22%3A%7B%22height%22%3A%22%22%7D%2C%22tablets%22%3A%7B%22height%22%3A%2240vh%22%7D%2C%22mobiles%22%3A%7B%22height%22%3A%2240vh%22%7D%7D\u00bb width=\u00bb1\/2&#8243; conditions_operator=\u00bbnever\u00bb][\/vc_column][vc_column css=\u00bb%7B%22default%22%3A%7B%22padding-left%22%3A%22%22%2C%22padding-top%22%3A%22%22%2C%22padding-bottom%22%3A%22%22%2C%22padding-right%22%3A%22%22%7D%2C%22laptops%22%3A%7B%22padding-left%22%3A%22%22%2C%22padding-top%22%3A%22%22%2C%22padding-bottom%22%3A%22%22%2C%22padding-right%22%3A%22%22%7D%2C%22tablets%22%3A%7B%22padding-left%22%3A%22%22%2C%22padding-top%22%3A%22%22%2C%22padding-bottom%22%3A%22%22%2C%22padding-right%22%3A%22%22%7D%2C%22mobiles%22%3A%7B%22padding-left%22%3A%2220px%22%2C%22padding-top%22%3A%2220px%22%2C%22padding-bottom%22%3A%2220px%22%2C%22padding-right%22%3A%2220px%22%7D%7D\u00bb el_class=\u00bbproyecto\u00bb width=\u00bb1\/2&#8243; conditions_operator=\u00bbnever\u00bb][vc_row_inner css=\u00bb%7B%22default%22%3A%7B%22padding-left%22%3A%2250px%22%2C%22padding-top%22%3A%2250px%22%2C%22padding-bottom%22%3A%2250px%22%2C%22padding-right%22%3A%2250px%22%7D%2C%22laptops%22%3A%7B%22padding-left%22%3A%2250px%22%2C%22padding-top%22%3A%2250px%22%2C%22padding-bottom%22%3A%2250px%22%2C%22padding-right%22%3A%2250px%22%7D%2C%22tablets%22%3A%7B%22padding-left%22%3A%2250px%22%2C%22padding-top%22%3A%2250px%22%2C%22padding-bottom%22%3A%2250px%22%2C%22padding-right%22%3A%2250px%22%7D%2C%22mobiles%22%3A%7B%22padding-left%22%3A%2210px%22%2C%22padding-top%22%3A%2210px%22%2C%22padding-bottom%22%3A%2210px%22%2C%22padding-right%22%3A%2210px%22%7D%7D\u00bb columns=\u00bb1&#8243;][vc_column_inner width=\u00bb1\/1&#8243;][vc_column_text css=\u00bb%7B%22default%22%3A%7B%22color%22%3A%22%23F29100%22%2C%22font-family%22%3A%22h4%22%2C%22font-weight%22%3A%22300%22%7D%7D\u00bb]<\/p>\n<h4><strong>TECNOLOG\u00cdA DE \u00daLTIMA GENERACI\u00d3N<\/strong><\/h4>\n<p>[\/vc_column_text][us_separator size=\u00bbcustom\u00bb height=\u00bb2rem\u00bb show_line=\u00bb1&#8243; thick=\u00bb3&#8243; color=\u00bbsecondary\u00bb el_class=\u00bbtaronja\u00bb][vc_column_text css=\u00bb%7B%22default%22%3A%7B%22color%22%3A%22%231a1a1a%22%2C%22font-weight%22%3A%22400%22%7D%7D\u00bb]En nuestra planta de envasado ya disponemos de la l\u00ednea de preclalibrado Greefa de \u00faltima generaci\u00f3n con un volcador de alta velocidad que es el m\u00e1s suave del mundo en el trato a las manzanas.<\/p>\n<p>Tambi\u00e9n hemos instalado un sistema de filtraci\u00f3n de agua del mejor proveedor del mercado, Eco Recycling, que garantiza que el agua est\u00e9 limpia e higi\u00e9nica reduciendo nuestro consumo.<\/p>\n<p>Por otro lado, disponemos de una l\u00ednea de envasado autom\u00e1tica ultramoderna con un doble Greefa SmartPackr. Los sistemas de c\u00e1mara y el software inspeccionan cada fruta para realizar un control de calidad final.<\/p>\n<p>Una carretilla coloca pilas de bins con manzanas en la entrada y, por el otro lado, saca los palets listos y flejados.<\/p>\n<p>El Double SmartPackr puede envasar 2.300 kg por hora, lo que aumenta nuestra productividad, reduce el margen de error y permite mejorar nuestra eficiencia y la calidad del producto entregado.[\/vc_column_text][\/vc_column_inner][\/vc_row_inner][\/vc_column][\/vc_row]<\/p>\n","protected":false},"excerpt":{"rendered":"<p>[vc_row us_bg_image_source=\u00bbmedia\u00bb us_bg_image=\u00bb4413&#8243; us_bg_repeat=\u00bbno-repeat\u00bb columns=\u00bb1&#8243; height=\u00bblarge\u00bb][vc_column width=\u00bb1\/1&#8243;][vc_column_text css=\u00bb%7B%22default%22%3A%7B%22color%22%3A%22%23F29100%22%2C%22font-size%22%3A%2210rem%22%2C%22line-height%22%3A%221%22%2C%22font-family%22%3A%22Subtitol%22%7D%2C%22laptops%22%3A%7B%22color%22%3A%22%23F29100%22%2C%22font-size%22%3A%2210rem%22%2C%22line-height%22%3A%221%22%2C%22font-family%22%3A%22Subtitol%22%7D%2C%22tablets%22%3A%7B%22color%22%3A%22%23F29100%22%2C%22font-size%22%3A%2210rem%22%2C%22line-height%22%3A%221%22%2C%22font-family%22%3A%22Subtitol%22%7D%2C%22mobiles%22%3A%7B%22color%22%3A%22%23F29100%22%2C%22font-size%22%3A%225rem%22%2C%22line-height%22%3A%221%22%2C%22font-family%22%3A%22Subtitol%22%7D%7D\u00bb el_class=\u00bbtitol\u00bb] Sostenibilidad [\/vc_column_text][\/vc_column][\/vc_row][vc_row width=\u00bbfull\u00bb height=\u00bbsmall\u00bb content_placement=\u00bbmiddle\u00bb columns=\u00bb1-2-1&#8243;][vc_column width=\u00bb1\/4&#8243;][\/vc_column][vc_column width=\u00bb1\/2&#8243;][us_separator hide_on_states=\u00bbmobiles\u00bb][vc_column_text css=\u00bb%7B%22default%22%3A%7B%22color%22%3A%22%23333333%22%2C%22font-weight%22%3A%22400%22%7D%2C%22mobiles%22%3A%7B%22padding-left%22%3A%2220px%22%2C%22padding-right%22%3A%2220px%22%7D%7D\u00bb] En Agotzaina nos preocupa el Medio ambiente, es por ello que colaboramos con programas de diversas organizaciones para reciclar nuestros residuos. Nuestro departamento de calidad y I+D+i trabaja d\u00eda a d\u00eda para minimizar el impacto medioambiental [&hellip;]<\/p>\n","protected":false},"author":4,"featured_media":0,"parent":0,"menu_order":0,"comment_status":"closed","ping_status":"closed","template":"","meta":{"_acf_changed":false,"footnotes":""},"class_list":["post-3971","page","type-page","status-publish","hentry"],"acf":[],"yoast_head":"<!-- This site is optimized with the Yoast SEO plugin v27.5 - https:\/\/yoast.com\/product\/yoast-seo-wordpress\/ -->\n<title>Sostenibilidad - Agotzaina Bekoetxe<\/title>\n<meta name=\"robots\" content=\"index, follow, max-snippet:-1, max-image-preview:large, max-video-preview:-1\" \/>\n<link rel=\"canonical\" href=\"https:\/\/agotzaina.com\/?page_id=3971\" \/>\n<meta property=\"og:locale\" content=\"es_ES\" \/>\n<meta property=\"og:type\" content=\"article\" \/>\n<meta property=\"og:title\" content=\"Sostenibilidad - Agotzaina Bekoetxe\" \/>\n<meta property=\"og:description\" content=\"[vc_row us_bg_image_source=\u00bbmedia\u00bb us_bg_image=\u00bb4413&#8243; us_bg_repeat=\u00bbno-repeat\u00bb columns=\u00bb1&#8243; height=\u00bblarge\u00bb][vc_column width=\u00bb1\/1&#8243;][vc_column_text css=\u00bb%7B%22default%22%3A%7B%22color%22%3A%22%23F29100%22%2C%22font-size%22%3A%2210rem%22%2C%22line-height%22%3A%221%22%2C%22font-family%22%3A%22Subtitol%22%7D%2C%22laptops%22%3A%7B%22color%22%3A%22%23F29100%22%2C%22font-size%22%3A%2210rem%22%2C%22line-height%22%3A%221%22%2C%22font-family%22%3A%22Subtitol%22%7D%2C%22tablets%22%3A%7B%22color%22%3A%22%23F29100%22%2C%22font-size%22%3A%2210rem%22%2C%22line-height%22%3A%221%22%2C%22font-family%22%3A%22Subtitol%22%7D%2C%22mobiles%22%3A%7B%22color%22%3A%22%23F29100%22%2C%22font-size%22%3A%225rem%22%2C%22line-height%22%3A%221%22%2C%22font-family%22%3A%22Subtitol%22%7D%7D\u00bb el_class=\u00bbtitol\u00bb] Sostenibilidad [\/vc_column_text][\/vc_column][\/vc_row][vc_row width=\u00bbfull\u00bb height=\u00bbsmall\u00bb content_placement=\u00bbmiddle\u00bb columns=\u00bb1-2-1&#8243;][vc_column width=\u00bb1\/4&#8243;][\/vc_column][vc_column width=\u00bb1\/2&#8243;][us_separator hide_on_states=\u00bbmobiles\u00bb][vc_column_text css=\u00bb%7B%22default%22%3A%7B%22color%22%3A%22%23333333%22%2C%22font-weight%22%3A%22400%22%7D%2C%22mobiles%22%3A%7B%22padding-left%22%3A%2220px%22%2C%22padding-right%22%3A%2220px%22%7D%7D\u00bb] En Agotzaina nos preocupa el Medio ambiente, es por ello que colaboramos con programas de diversas organizaciones para reciclar nuestros residuos. Nuestro departamento de calidad y I+D+i trabaja d\u00eda a d\u00eda para minimizar el impacto medioambiental [&hellip;]\" \/>\n<meta property=\"og:url\" content=\"https:\/\/agotzaina.com\/?page_id=3971\" \/>\n<meta property=\"og:site_name\" content=\"Agotzaina Bekoetxe\" \/>\n<meta property=\"article:modified_time\" content=\"2026-03-06T10:00:59+00:00\" \/>\n<meta name=\"twitter:card\" content=\"summary_large_image\" \/>\n<meta name=\"twitter:label1\" content=\"Tiempo de lectura\" \/>\n\t<meta name=\"twitter:data1\" content=\"4 minutos\" \/>\n<script type=\"application\/ld+json\" class=\"yoast-schema-graph\">{\"@context\":\"https:\\\/\\\/schema.org\",\"@graph\":[{\"@type\":\"WebPage\",\"@id\":\"https:\\\/\\\/agotzaina.com\\\/?page_id=3971\",\"url\":\"https:\\\/\\\/agotzaina.com\\\/?page_id=3971\",\"name\":\"Sostenibilidad - Agotzaina Bekoetxe\",\"isPartOf\":{\"@id\":\"https:\\\/\\\/agotzaina.com\\\/#website\"},\"datePublished\":\"2024-01-03T12:35:41+00:00\",\"dateModified\":\"2026-03-06T10:00:59+00:00\",\"breadcrumb\":{\"@id\":\"https:\\\/\\\/agotzaina.com\\\/?page_id=3971#breadcrumb\"},\"inLanguage\":\"es\",\"potentialAction\":[{\"@type\":\"ReadAction\",\"target\":[\"https:\\\/\\\/agotzaina.com\\\/?page_id=3971\"]}]},{\"@type\":\"BreadcrumbList\",\"@id\":\"https:\\\/\\\/agotzaina.com\\\/?page_id=3971#breadcrumb\",\"itemListElement\":[{\"@type\":\"ListItem\",\"position\":1,\"name\":\"Portada\",\"item\":\"https:\\\/\\\/agotzaina.com\\\/\"},{\"@type\":\"ListItem\",\"position\":2,\"name\":\"Sostenibilidad\"}]},{\"@type\":\"WebSite\",\"@id\":\"https:\\\/\\\/agotzaina.com\\\/#website\",\"url\":\"https:\\\/\\\/agotzaina.com\\\/\",\"name\":\"Agotzaina Bekoetxe\",\"description\":\"\",\"potentialAction\":[{\"@type\":\"SearchAction\",\"target\":{\"@type\":\"EntryPoint\",\"urlTemplate\":\"https:\\\/\\\/agotzaina.com\\\/?s={search_term_string}\"},\"query-input\":{\"@type\":\"PropertyValueSpecification\",\"valueRequired\":true,\"valueName\":\"search_term_string\"}}],\"inLanguage\":\"es\"}]}<\/script>\n<!-- \/ Yoast SEO plugin. -->","yoast_head_json":{"title":"Sostenibilidad - Agotzaina Bekoetxe","robots":{"index":"index","follow":"follow","max-snippet":"max-snippet:-1","max-image-preview":"max-image-preview:large","max-video-preview":"max-video-preview:-1"},"canonical":"https:\/\/agotzaina.com\/?page_id=3971","og_locale":"es_ES","og_type":"article","og_title":"Sostenibilidad - Agotzaina Bekoetxe","og_description":"[vc_row us_bg_image_source=\u00bbmedia\u00bb us_bg_image=\u00bb4413&#8243; us_bg_repeat=\u00bbno-repeat\u00bb columns=\u00bb1&#8243; height=\u00bblarge\u00bb][vc_column width=\u00bb1\/1&#8243;][vc_column_text css=\u00bb%7B%22default%22%3A%7B%22color%22%3A%22%23F29100%22%2C%22font-size%22%3A%2210rem%22%2C%22line-height%22%3A%221%22%2C%22font-family%22%3A%22Subtitol%22%7D%2C%22laptops%22%3A%7B%22color%22%3A%22%23F29100%22%2C%22font-size%22%3A%2210rem%22%2C%22line-height%22%3A%221%22%2C%22font-family%22%3A%22Subtitol%22%7D%2C%22tablets%22%3A%7B%22color%22%3A%22%23F29100%22%2C%22font-size%22%3A%2210rem%22%2C%22line-height%22%3A%221%22%2C%22font-family%22%3A%22Subtitol%22%7D%2C%22mobiles%22%3A%7B%22color%22%3A%22%23F29100%22%2C%22font-size%22%3A%225rem%22%2C%22line-height%22%3A%221%22%2C%22font-family%22%3A%22Subtitol%22%7D%7D\u00bb el_class=\u00bbtitol\u00bb] Sostenibilidad [\/vc_column_text][\/vc_column][\/vc_row][vc_row width=\u00bbfull\u00bb height=\u00bbsmall\u00bb content_placement=\u00bbmiddle\u00bb columns=\u00bb1-2-1&#8243;][vc_column width=\u00bb1\/4&#8243;][\/vc_column][vc_column width=\u00bb1\/2&#8243;][us_separator hide_on_states=\u00bbmobiles\u00bb][vc_column_text css=\u00bb%7B%22default%22%3A%7B%22color%22%3A%22%23333333%22%2C%22font-weight%22%3A%22400%22%7D%2C%22mobiles%22%3A%7B%22padding-left%22%3A%2220px%22%2C%22padding-right%22%3A%2220px%22%7D%7D\u00bb] En Agotzaina nos preocupa el Medio ambiente, es por ello que colaboramos con programas de diversas organizaciones para reciclar nuestros residuos. Nuestro departamento de calidad y I+D+i trabaja d\u00eda a d\u00eda para minimizar el impacto medioambiental [&hellip;]","og_url":"https:\/\/agotzaina.com\/?page_id=3971","og_site_name":"Agotzaina Bekoetxe","article_modified_time":"2026-03-06T10:00:59+00:00","twitter_card":"summary_large_image","twitter_misc":{"Tiempo de lectura":"4 minutos"},"schema":{"@context":"https:\/\/schema.org","@graph":[{"@type":"WebPage","@id":"https:\/\/agotzaina.com\/?page_id=3971","url":"https:\/\/agotzaina.com\/?page_id=3971","name":"Sostenibilidad - Agotzaina Bekoetxe","isPartOf":{"@id":"https:\/\/agotzaina.com\/#website"},"datePublished":"2024-01-03T12:35:41+00:00","dateModified":"2026-03-06T10:00:59+00:00","breadcrumb":{"@id":"https:\/\/agotzaina.com\/?page_id=3971#breadcrumb"},"inLanguage":"es","potentialAction":[{"@type":"ReadAction","target":["https:\/\/agotzaina.com\/?page_id=3971"]}]},{"@type":"BreadcrumbList","@id":"https:\/\/agotzaina.com\/?page_id=3971#breadcrumb","itemListElement":[{"@type":"ListItem","position":1,"name":"Portada","item":"https:\/\/agotzaina.com\/"},{"@type":"ListItem","position":2,"name":"Sostenibilidad"}]},{"@type":"WebSite","@id":"https:\/\/agotzaina.com\/#website","url":"https:\/\/agotzaina.com\/","name":"Agotzaina Bekoetxe","description":"","potentialAction":[{"@type":"SearchAction","target":{"@type":"EntryPoint","urlTemplate":"https:\/\/agotzaina.com\/?s={search_term_string}"},"query-input":{"@type":"PropertyValueSpecification","valueRequired":true,"valueName":"search_term_string"}}],"inLanguage":"es"}]}},"_links":{"self":[{"href":"https:\/\/agotzaina.com\/index.php?rest_route=\/wp\/v2\/pages\/3971","targetHints":{"allow":["GET"]}}],"collection":[{"href":"https:\/\/agotzaina.com\/index.php?rest_route=\/wp\/v2\/pages"}],"about":[{"href":"https:\/\/agotzaina.com\/index.php?rest_route=\/wp\/v2\/types\/page"}],"author":[{"embeddable":true,"href":"https:\/\/agotzaina.com\/index.php?rest_route=\/wp\/v2\/users\/4"}],"replies":[{"embeddable":true,"href":"https:\/\/agotzaina.com\/index.php?rest_route=%2Fwp%2Fv2%2Fcomments&post=3971"}],"version-history":[{"count":7,"href":"https:\/\/agotzaina.com\/index.php?rest_route=\/wp\/v2\/pages\/3971\/revisions"}],"predecessor-version":[{"id":15116,"href":"https:\/\/agotzaina.com\/index.php?rest_route=\/wp\/v2\/pages\/3971\/revisions\/15116"}],"wp:attachment":[{"href":"https:\/\/agotzaina.com\/index.php?rest_route=%2Fwp%2Fv2%2Fmedia&parent=3971"}],"curies":[{"name":"wp","href":"https:\/\/api.w.org\/{rel}","templated":true}]}}